{"id":124,"date":"2016-05-17T19:48:04","date_gmt":"2016-05-17T19:48:04","guid":{"rendered":"http:\/\/moneygold.com.co\/?page_id=124"},"modified":"2016-05-17T20:08:33","modified_gmt":"2016-05-17T20:08:33","slug":"billeteros","status":"publish","type":"page","link":"http:\/\/moneygold.com.co\/?page_id=124","title":{"rendered":"Billeteros ICT"},"content":{"rendered":"<p><strong>Billetero ICT L70 Y L70P5<\/strong><\/p>\n<p>La Serie L de aceptador de billetes combina\u00a0 tecnolog\u00eda mejorada de sensores de billetes con la construcci\u00f3n en pl\u00e1stico liviana y durable.\u00a0 Tambi\u00e9n cuenta con software de actualizaci\u00f3n r\u00e1pida, y f\u00e1cil mantenimiento para aumentar las tasas de aceptaci\u00f3n y reducir el atascado de billetes.<\/p>\n<ul>\n<li>Aceptaci\u00f3n de billetes de Ancho fijo \/ varios &#8211; anchos<\/li>\n<li>Aceptaci\u00f3n de moneda multinacional<\/li>\n<li>Dise\u00f1o de nueva generaci\u00f3n en sistemas de verificaci\u00f3n<\/li>\n<li>Tecnolog\u00eda anti encordado<\/li>\n<li>Construcci\u00f3n en pl\u00e1stico liviana y durable<\/li>\n<li>R\u00e1pida transacci\u00f3n de billetes<\/li>\n<li>Interfaces selectivas<\/li>\n<li>Dise\u00f1o de bisel con Iluminaci\u00f3n multicolor<\/li>\n<li>F\u00e1cil mantenimiento<\/li>\n<li>R\u00e1pida actualizaci\u00f3n de programa<\/li>\n<\/ul>\n<p>&nbsp;<\/p>\n<figure id=\"attachment_139\" aria-describedby=\"caption-attachment-139\" style=\"width: 212px\" class=\"wp-caption alignnone\"><img loading=\"lazy\" class=\"wp-image-139 \" src=\"http:\/\/moneygold.com.co\/wp-content\/uploads\/2016\/05\/Billetero-L70-274x300.jpg\" alt=\"Billetero L70\" width=\"212\" height=\"232\" srcset=\"http:\/\/moneygold.com.co\/wp-content\/uploads\/2016\/05\/Billetero-L70-274x300.jpg 274w, http:\/\/moneygold.com.co\/wp-content\/uploads\/2016\/05\/Billetero-L70-370x405.jpg 370w, http:\/\/moneygold.com.co\/wp-content\/uploads\/2016\/05\/Billetero-L70.jpg 423w\" sizes=\"(max-width: 212px) 100vw, 212px\" \/><figcaption id=\"caption-attachment-139\" class=\"wp-caption-text\">Billetero L70<\/figcaption><\/figure>\n<p>&nbsp;<\/p>\n<figure id=\"attachment_140\" aria-describedby=\"caption-attachment-140\" style=\"width: 233px\" class=\"wp-caption alignnone\"><img loading=\"lazy\" class=\"wp-image-140 size-medium\" src=\"http:\/\/moneygold.com.co\/wp-content\/uploads\/2016\/05\/Billetero-L70P5-233x300.jpg\" alt=\"Billetero L70P5\" width=\"233\" height=\"300\" srcset=\"http:\/\/moneygold.com.co\/wp-content\/uploads\/2016\/05\/Billetero-L70P5-233x300.jpg 233w, http:\/\/moneygold.com.co\/wp-content\/uploads\/2016\/05\/Billetero-L70P5-370x476.jpg 370w, http:\/\/moneygold.com.co\/wp-content\/uploads\/2016\/05\/Billetero-L70P5.jpg 402w\" sizes=\"(max-width: 233px) 100vw, 233px\" \/><figcaption id=\"caption-attachment-140\" class=\"wp-caption-text\">Billetero L70P5<\/figcaption><\/figure>\n<p>&nbsp;<\/p>\n<p><strong>Billetero ICT P70<\/strong><\/p>\n<p>La serie P es un aceptador de billetes de nueva generaci\u00f3n dise\u00f1ado por ICT que cuenta con alta seguridad, con una tasa de aceptaci\u00f3n de 96% o mayor. Adicionalmente, cuenta con m\u00faltiples selecciones de bisel y cajas de billetes que ofrecen al usuario los servicios m\u00e1s convenientes y completos.<\/p>\n<ul>\n<li>Inserci\u00f3n de billete en 4 direcciones<\/li>\n<li>Alta tasa de aceptaci\u00f3n<\/li>\n<li>M\u00faltiples selecciones de bisel<\/li>\n<li>Capacidad de apilamiento: disponible 200 o 500 billetes<\/li>\n<li>Alta seguridad por mecanismo de protecci\u00f3n<\/li>\n<\/ul>\n<figure id=\"attachment_142\" aria-describedby=\"caption-attachment-142\" style=\"width: 275px\" class=\"wp-caption alignnone\"><img loading=\"lazy\" class=\"wp-image-142 size-medium\" src=\"http:\/\/moneygold.com.co\/wp-content\/uploads\/2016\/05\/Billetero-P70-275x300.jpg\" alt=\"Billetero P70\" width=\"275\" height=\"300\" srcset=\"http:\/\/moneygold.com.co\/wp-content\/uploads\/2016\/05\/Billetero-P70-275x300.jpg 275w, http:\/\/moneygold.com.co\/wp-content\/uploads\/2016\/05\/Billetero-P70-370x403.jpg 370w, http:\/\/moneygold.com.co\/wp-content\/uploads\/2016\/05\/Billetero-P70.jpg 423w\" sizes=\"(max-width: 275px) 100vw, 275px\" \/><figcaption id=\"caption-attachment-142\" class=\"wp-caption-text\">Billetero P70<\/figcaption><\/figure>\n<p>&nbsp;<\/p>\n<p><strong>Billetero ICT NBA <\/strong><\/p>\n<p>La NBA se puede mejorar con un lector de c\u00f3digo de barras opcional y la funci\u00f3n RFID ofrece la capacidad adicional para validar tiquetes de c\u00f3digo de barras y comprobantes, as\u00ed como para transferir la informaci\u00f3n de la caja de efectivo a la estaci\u00f3n de acoplamiento (opcional). Equipado con tecnolog\u00eda de avanzada de centrado de billetes, la NBA es capaz de aceptar una amplia variedad de anchos de billetes sin renunciar a ninguna funcionalidad.<\/p>\n<figure id=\"attachment_141\" aria-describedby=\"caption-attachment-141\" style=\"width: 231px\" class=\"wp-caption alignnone\"><img loading=\"lazy\" class=\"wp-image-141 size-medium\" src=\"http:\/\/moneygold.com.co\/wp-content\/uploads\/2016\/05\/Billetero-NBA-231x300.jpg\" alt=\"Billetero NBA\" width=\"231\" height=\"300\" srcset=\"http:\/\/moneygold.com.co\/wp-content\/uploads\/2016\/05\/Billetero-NBA-231x300.jpg 231w, http:\/\/moneygold.com.co\/wp-content\/uploads\/2016\/05\/Billetero-NBA-370x481.jpg 370w, http:\/\/moneygold.com.co\/wp-content\/uploads\/2016\/05\/Billetero-NBA.jpg 423w\" sizes=\"(max-width: 231px) 100vw, 231px\" \/><figcaption id=\"caption-attachment-141\" class=\"wp-caption-text\">Billetero NBA<\/figcaption><\/figure>\n","protected":false},"excerpt":{"rendered":"<p>Billetero ICT L70 Y L70P5 La Serie L de aceptador de billetes combina\u00a0 tecnolog\u00eda mejorada de sensores de billetes con la construcci\u00f3n en pl\u00e1stico liviana[&#8230;]<\/p>\n","protected":false},"author":1,"featured_media":0,"parent":0,"menu_order":0,"comment_status":"closed","ping_status":"closed","template":"","meta":[],"_links":{"self":[{"href":"http:\/\/moneygold.com.co\/index.php?rest_route=\/wp\/v2\/pages\/124"}],"collection":[{"href":"http:\/\/moneygold.com.co\/index.php?rest_route=\/wp\/v2\/pages"}],"about":[{"href":"http:\/\/moneygold.com.co\/index.php?rest_route=\/wp\/v2\/types\/page"}],"author":[{"embeddable":true,"href":"http:\/\/moneygold.com.co\/index.php?rest_route=\/wp\/v2\/users\/1"}],"replies":[{"embeddable":true,"href":"http:\/\/moneygold.com.co\/index.php?rest_route=%2Fwp%2Fv2%2Fcomments&post=124"}],"version-history":[{"count":4,"href":"http:\/\/moneygold.com.co\/index.php?rest_route=\/wp\/v2\/pages\/124\/revisions"}],"predecessor-version":[{"id":145,"href":"http:\/\/moneygold.com.co\/index.php?rest_route=\/wp\/v2\/pages\/124\/revisions\/145"}],"wp:attachment":[{"href":"http:\/\/moneygold.com.co\/index.php?rest_route=%2Fwp%2Fv2%2Fmedia&parent=124"}],"curies":[{"name":"wp","href":"https:\/\/api.w.org\/{rel}","templated":true}]}}